are the prime factors of 344447?
53, 67, 97
What are the prime factors of 135223?
11, 19, 647
List the prime factors of 9644048.
2, 602753
What are the prime factors of 23646784?
2, 7, 52783
List the prime factors of 14824914.
2, 3, 13, 190063
What are the prime factors of 97077?
3, 32359
List the prime factors of 6456553.
127, 50839
List the prime factors of 3944094.
2, 3, 7, 11, 8537
List the prime factors of 280613.
280613
What are the prime factors of 35993785?
5, 29, 37, 6709
List the prime factors of 699053.
699053
List the prime factors of 605609.
605609
What are the prime factors of 419655?
3, 5, 101, 277
List the prime factors of 27928137.
3, 9309379
What are the prime factors of 333419?
333419
What are the prime factors of 26129?
17, 29, 53
List the prime factors of 594280.
2, 5, 83, 179
What are the prime factors of 356500?
2, 5, 23, 31
List the prime factors of 2894216.
2, 13, 17, 1637
List the prime factors of 1209780.
2, 3, 5, 11, 13, 47
List the prime factors of 1076289.
3, 31, 71, 163
List the prime factors of 33798669.
3, 17, 662719
List the prime factors of 9981266.
2, 59, 251, 337
List the prime factors of 1104572.
2, 7, 103, 383
What are the prime factors of 9385976?
2, 193, 6079
List the prime factors of 327829.
327829
List the prime factors of 1684563.
3, 561521
What are the prime factors of 3121603?
3121603
List the prime factors of 145495.
5, 7, 4157
List the prime factors of 2588960.
2, 5, 11, 1471
What are the prime factors of 2365709?
19, 89, 1399
What are the prime factors of 4829477?
19, 157, 1619
What are the prime factors of 88142?
2, 44071
What are the prime factors of 33591835?
5, 6718367
What are the prime factors of 310046?
2, 11, 17, 829
List the prime factors of 275476.
2, 61, 1129
List the prime factors of 5696633.
5696633
List the prime factors of 45993.
3, 15331
List the prime factors of 126155.
5, 23, 1097
List the prime factors of 9887165.
5, 1977433
List the prime factors of 208541.
23, 9067
What are the prime factors of 15530995?
5, 3106199
What are the prime factors of 191788?
2, 47947
What are the prime factors of 128022?
2, 3, 19, 1123
What are the prime factors of 3538629?
3, 393181
What are the prime factors of 430734?
2, 3, 71789
What are the prime factors of 165316?
2, 37, 1117
What are the prime factors of 2467304?
2, 7, 44059
What are the prime factors of 9511514?
2, 19, 43, 5821
What are the prime factors of 832288?
2, 31, 839
What are the prime factors of 1666244?
2, 47, 8863
What are the prime factors of 6308062?
2, 3154031
What are the prime factors of 933722?
2, 97, 4813
List the prime factors of 2718045.
3, 5, 11, 17, 19
List the prime factors of 7772344.
2, 23, 53, 797
List the prime factors of 35738401.
331, 107971
List the prime factors of 20068277.
2549, 7873
What are the prime factors of 197266?
2, 53, 1861
List the prime factors of 10860352.
2, 169693
List the prime factors of 16101514.
2, 11, 13, 56299
What are the prime factors of 152343?
3, 16927
What are the prime factors of 76237?
7, 10891
What are the prime factors of 1751033?
1751033
What are the prime factors of 2168988?
2, 3, 180749
List the prime factors of 851706.
2, 3, 47317
What are the prime factors of 121904?
2, 19, 401
What are the prime factors of 1388810?
2, 5, 29, 4789
What are the prime factors of 1097225?
5, 43889
List the prime factors of 5688942.
2, 3, 7, 19, 7129
List the prime factors of 477855.
3, 5, 7, 37, 41
List the prime factors of 2144661.
3, 714887
List the prime factors of 4289974.
2, 13, 164999
What are the prime factors of 714191?
19, 37589
List the prime factors of 25486.
2, 12743
List the prime factors of 347946.
2, 3, 57991
What are the prime factors of 79256?
2, 9907
What are the prime factors of 27817093?
27817093
List the prime factors of 2297799.
3, 7, 36473
What are the prime factors of 1202926?
2, 181, 3323
List the prime factors of 101599.
101599
List the prime factors of 254177.
7, 11, 3301
What are the prime factors of 3307522?
2, 67, 24683
List the prime factors of 86567.
13, 6659
What are the prime factors of 50541?
3, 17, 991
What are the prime factors of 2249641?
73, 30817
List the prime factors of 7395170.
2, 5, 17, 41, 1061
List the prime factors of 476808.
2, 3, 19867
List the prime factors of 525381.
3, 73, 2399
What are the prime factors of 1740635?
5, 13, 61, 439
What are the prime factors of 305716?
2, 23, 3323
List the prime factors of 2487123.
3, 276347
List the prime factors of 9710660.
2, 5, 53, 9161
What are the prime factors of 27445849?
613, 44773
What are the prime factors of 1026045?
3, 5, 151
What are the prime factors of 63362?
2, 13, 2437
What are the prime factors of 557581?
43, 12967
What are the prime factors of 3164807?
3164807
What are the prime factors of 1575823?
31, 50833
List the prime factors of 1762264.
2, 7, 31469
List the prime factors of 3648105.
3, 5, 61, 443
What are the prime factors of 424583?
53, 8011
What are the prime factors of 5400240?
2, 3, 5, 22501
List the prime factors of 11500571.
47, 179, 1367
List the prime factors of 9178464.
2, 3, 67, 1427
List the prime factors of 287558.
2, 143779
What are the prime factors of 612345?
3, 5, 40823
List the prime factors of 3551409.
3, 394601
What are the prime factors of 20106267?
3, 6702089
List the prime factors of 3096397.
17, 182141
What are the prime factors of 18524181?
3, 13, 137, 3467
What are the prime factors of 60749?
13, 4673
List the prime factors of 4936.
2, 617
What are the prime factors of 2192715?
3, 5, 7, 6961
What are the prime factors of 2096592?
2, 3, 31, 1409
What are the prime factors of 1515777?
3, 149, 3391
List the prime factors of 180180.
2, 3, 5, 7, 11, 13
List the prime factors of 493410.
2, 3, 5, 16447
List the prime factors of 1424126.
2, 11, 19, 3407
What are the prime factors of 6632964?
2, 3, 13, 14173
List the prime factors of 448826.
2, 7, 32059
List the prime factors of 471166.
2, 89, 2647
List the prime factors of 1782183.
3, 13, 45697
List the prime factors of 318260.
2, 5, 15913
List the prime factors of 47749.
13, 3673
List the prime factors of 152541.
3, 17, 997
List the prime factors of 449986.
2, 224993
List the prime factors of 33479783.
17, 31, 37, 101
List the prime factors of 2479138.
2, 1239569
List the prime factors of 4435940.
2, 5, 221797
What are the prime factors of 802366?
2, 17, 23599
What are the prime factors of 4040460?
2, 3, 5, 22447
What are the prime factors of 24448?
2, 191
What are the prime factors of 2629672?
2, 328709
List the prime factors of 1115892.
2, 3, 139, 223
What are the prime factors of 466139?
466139
What are the prime factors of 2575670?
2, 5, 17, 109, 139
What are the prime factors of 4592826?
2, 3, 7, 36451
What are the prime factors of 424318?
2, 53, 4003
List the prime factors of 2948140.
2, 5, 13, 17, 23, 29
List the prime factors of 3962136.
2, 3, 165089
What are the prime factors of 4653008?
2, 41, 173
What are the prime factors of 875556?
2, 3, 11, 67
List the prime factors of 7315044.
2, 3, 11, 151, 367
List the prime factors of 22749615.
3, 5, 7, 72221
What are the prime factors of 809466?
2, 3, 7, 19273
What are the prime factors of 38755015?
5, 13, 596231
What are the prime factors of 2562338?
2, 23, 53, 1051
List the prime factors of 835969.
53, 15773
What are the prime factors of 6200042?
2, 19, 167, 977
List the prime factors of 309613.
409, 757
List the prime factors of 12795133.
13, 984241
What are the prime factors of 102946?
2, 51473
What are the prime factors of 2002876?
2, 500719
What are the prime factors of 10787163?
3, 17, 31, 6823
What are the prime factors of 25345?
5, 37, 137
What are the prime factors of 487533?
3, 163, 997
List the prime factors of 463649.
463649
List the prime factors of 7341715.
5, 23, 63841
What are the prime factors of 144272?
2, 71, 127
List the prime factors of 336284.
2, 13, 29, 223
List the prime factors of 36515.
5, 67, 109
What are the prime factors of 3695361?
3, 1231787
What are the prime factors of 1485707?
457, 3251
List the prime factors of 5005110.
2, 3, 5, 11, 29, 523
What are the prime factors of 3547285?
5, 7, 43, 2357
What are the prime factors of 803785?
5, 160757
List the prime factors of 9528612.
2, 3, 113, 7027
List the prime factors of 2061012